or of 1088769 and 737.
11
What is the greatest common factor of 27 and 2028458673?
27
What is the highest common divisor of 10237617 and 108?
27
Calculate the greatest common factor of 2102921 and 606.
101
What is the greatest common divisor of 3698704 and 16?
16
Calculate the highest common factor of 19177560 and 54.
54
What is the highest common divisor of 380 and 36624710?
10
Calculate the highest common divisor of 36217766 and 13.
13
What is the greatest common divisor of 254775 and 295797?
129
What is the greatest common divisor of 1256 and 848899?
157
Calculate the highest common divisor of 6843316 and 612.
68
What is the greatest common divisor of 13636 and 5919972?
1948
What is the highest common factor of 760565 and 4875?
65
What is the greatest common divisor of 2544 and 40598742?
318
Calculate the highest common factor of 7642130 and 15175.
3035
Calculate the greatest common factor of 350529 and 2979.
993
What is the highest common factor of 15783678 and 4050?
18
Calculate the highest common divisor of 236918 and 39842.
22
Calculate the highest common divisor of 21348 and 10208.
4
What is the highest common divisor of 352479 and 221508?
879
What is the highest common factor of 19450 and 56400?
50
Calculate the greatest common divisor of 279970665 and 30.
15
Calculate the highest common factor of 16671798 and 792.
198
What is the greatest common factor of 5749305 and 31920?
285
What is the greatest common factor of 24074297 and 26?
13
Calculate the highest common divisor of 356596043 and 134.
67
What is the greatest common divisor of 101010843 and 81?
9
Calculate the greatest common divisor of 16867 and 18584.
101
What is the highest common divisor of 98308486 and 23?
23
Calculate the greatest common factor of 2322914 and 17578.
374
What is the greatest common divisor of 16694046 and 7368?
1842
Calculate the highest common factor of 244673 and 507065.
377
Calculate the greatest common divisor of 5553636 and 165.
33
Calculate the highest common factor of 7397962 and 338.
26
What is the highest common factor of 1952 and 777628?
244
Calculate the greatest common factor of 33 and 12483570.
33
Calculate the greatest common factor of 1264 and 2113645.
79
What is the greatest common divisor of 575994753 and 27?
27
What is the greatest common factor of 796559 and 59287?
587
What is the greatest common divisor of 48979099 and 13?
13
Calculate the highest common divisor of 9852243 and 8679.
789
Calculate the highest common divisor of 236885 and 357835.
295
What is the highest common divisor of 810 and 17104170?
30
What is the highest common factor of 2910 and 7172083?
97
Calculate the greatest common divisor of 102697 and 133.
7
What is the greatest common factor of 31053942 and 1416?
354
Calculate the highest common factor of 57359211 and 273.
273
What is the highest common factor of 263 and 6432454?
263
Calculate the greatest common divisor of 16428910 and 358582.
7318
Calculate the greatest common factor of 1127 and 55508131.
1127
What is the greatest common divisor of 463743 and 80538?
1299
What is the highest common factor of 56440 and 204280?
40
Calculate the highest common divisor of 20 and 345138080.
20
What is the highest common divisor of 20355 and 1100527?
1357
What is the highest common divisor of 5804590 and 1408?
22
Calculate the highest common factor of 6155076 and 912456.
8004
What is the highest common factor of 121766237 and 188?
47
What is the greatest common divisor of 20892557 and 146349?
707
What is the greatest common divisor of 26 and 50093886?
2
Calculate the highest common factor of 738 and 1195601.
41
Calculate the highest common divisor of 6748 and 1252608.
28
Calculate the greatest common factor of 944 and 115408.
16
Calculate the greatest common factor of 7721 and 8036458.
1103
What is the highest common divisor of 42579 and 17824831?
1577
What is the greatest common divisor of 147 and 89046769?
49
What is the highest common divisor of 6 and 446498?
2
What is the greatest common divisor of 1404045 and 46755?
45
Calculate the highest common divisor of 126 and 930678.
42
Calculate the highest common factor of 216347220 and 3.
3
Calculate the highest common factor of 40225128 and 1140.
228
Calculate the highest common divisor of 45 and 512475.
15
Calculate the greatest common factor of 5493683 and 5239.
169
What is the highest common factor of 12524296 and 4405?
881
Calculate the highest common factor of 152630 and 17830.
10
What is the highest common divisor of 5027 and 3219565?
457
Calculate the highest common divisor of 1302 and 5474042.
434
Calculate the greatest common divisor of 500 and 6509150.
50
What is the highest common divisor of 3227942 and 1436564?
8654
What is the greatest common divisor of 7929444 and 27?
3
What is the highest common divisor of 4539 and 247989867?
267
What is the greatest common factor of 23471906 and 4415?
883
Calculate the greatest common factor of 7738 and 116812.
106
Calculate the greatest common factor of 85742 and 7515386.
1994
What is the highest common divisor of 29273 and 303680?
73
Calculate the greatest common factor of 677170 and 1846.
26
Calculate the highest common divisor of 1141783 and 185.
37
Calculate the highest common divisor of 4703265 and 42.
21
What is the greatest common divisor of 524594 and 123018?
1414
Calculate the greatest common divisor of 171162 and 2068818.
222
Calculate the greatest common divisor of 6923961 and 48708.
297
Calculate the greatest common factor of 687895584 and 96.
96
Calculate the highest common divisor of 8154 and 958850.
302
Calculate the highest common divisor of 34 and 3655682312.
34
What is the highest common factor of 2367564 and 72?
12
Calculate the greatest common factor of 4553 and 57408777.
4553
What is the highest common factor of 16362 and 183579822?
1818
Calculate the highest common factor of 5300 and 234400.
100
Calculate the highest common factor of 56 and 25050333.
7
What is the highest common divisor of 75746969 and 6126?
1021
What is the greatest common divisor of 32000 and 59968?
64
What is the greatest common divisor of 492 and 2648313?
123
What is the highest common divisor of 53816764 and 164?
164
Calculate the highest common factor of 1452415 and 6715.
395
What is the greatest common divisor of 424 and 84749968?
424
What is the greatest common divisor of 68 and 516426068?
68
What is the greatest common divisor of 62 and 1579853?
31
What is the greatest common divisor of 1296 and 121627575?
81
Calculate the greatest common factor of 196 and 3826844.
28
What is the greatest common divisor of 4372 and 43948?
4
Calculate the greatest common divisor of 13566 and 2769402.
1938
Calculate the highest common divisor of 4323 and 1626889.
1441
Calculate the highest common factor of 1119704 and 196712.
536
Calculate the highest common divisor of 9039558 and 66.
66
Calculate the highest common factor of 1378 and 26929088.
106
What is the highest common factor of 2244 and 56577224?
748
What is the highest common factor of 126456 and 9783840?
264
Calculate the greatest common divisor of 5748331 and 249.
83
What is the greatest common divisor of 1125 and 1185?
15
Calculate the greatest common factor of 6567 and 2935185.
33
What is the greatest common factor of 1690 and 1189565?
65
What is the highest common divisor of 13498968 and 168?
168
Calculate the highest common divisor of 3975 and 108819600.
3975
What is the highest common divisor of 557939 and 62269?
73
What is the greatest common factor of 47139300 and 1326?
1326
Calculate the highest common factor of 344 and 37683652.
172
What is the greatest common factor of 339042 and 35574?
726
What is the greatest common divisor of 30921773 and 134?
67
Calculate the greatest common factor of 194 and 1240134718.
194
Calculate the highest common factor of 4969900 and 8060.
260
What is the highest common factor of 451152 and 64584?
936
What is the greatest common factor of 100671 and 64653?
69
Calculate the greatest common divisor of 2392952 and 2976.
248
Calculate the greatest common factor of 205700 and 115676.
484
What is the greatest common divisor of 3569439 and 110653?
391
What is the highest common factor of 46 and 584938?
2
Calculate the greatest common factor of 116761 an